the tens digit of j?
2
Let l = -162 + 122. What is the tens digit of 2/1 + (-744)/l*5?
9
Suppose 0 = -3*y - 2*y + 420. Let q(j) = j**2 - j - 3. Let b be q(3). Suppose 4*a = -d + 21, 4*d - 8*d - b*a = -y. What is the tens digit of d?
2
Suppose -5*f + 4*q = -24, 2*q + 15 = 5*f - 17. Let b(w) = 3*w**2 + 4*w + 11. What is the tens digit of b(f)?
3
Suppose 5*v + 105 = n + n, -3*v + 3*n - 72 = 0. Suppose 65 = 3*s + 2*h, 5*s = -h + 144 - 38. Let o = v + s. What is the units digit of o?
2
Suppose -4*s + 892 = 3*z, -5*z - 208 = -2*s + 238. Let q = -131 + s. What is the tens digit of q?
9
What is the thousands digit of (10/30)/((-1)/(-3273))?
1
Suppose 11*c - 21 = 23. Suppose 0 = -3*r, 6*p - 2*p - 452 = c*r. What is the tens digit of p?
1
Let n(d) = -4*d**2 - 8*d - 7. Let x(r) = -r**2. Let l(m) = -n(m) + 3*x(m). Let j be l(-7). Suppose j*k - 36 = -3*k. What is the tens digit of k?
1
Suppose 10 = 4*r + r. Suppose 592 - 24 = r*n. What is the units digit of (n/(-2))/(-3 + 1)?
1
Suppose -2*g = y - 3*y + 8, 5*g = 3*y - 2. Suppose -959 = -y*m + 22. What is the units digit of m?
9
Suppose z + 5*m + 127 = -0*z, 0 = z + 2*m + 121. Let r = -51 - z. What is the units digit of r?
6
Let y be ((-5)/15*-19)/(2/(-18)). Let p = -30 - y. What is the units digit of p?
7
Suppose -15 = -4*w + 45. Let t = -58 + w. What is the tens digit of t/((-4)/(-3 - -7))?
4
Suppose 86*c = 22*c + 53568. What is the units digit of c?
7
Let f(y) = y + 8. Let c be f(-6). Suppose -k - 323 = -4*s, -3 = 3*k - c*k. Suppose -o - 3*o = -s. What is the units digit of o?
0
Suppose -2*z - 42 + 12 = 0. What is the tens digit of 10/25 - 759/z?
5
Let d(y) = y**2 + 43*y + 57. What is the tens digit of d(-55)?
1
Let t = -16 + 28. What is the tens digit of 70 - t/9*3?
6
Let p(w) = 2*w**2 + 4*w - 2. Let x be p(-4). Let j = -12 + x. What is the units digit of (-115)/(-35) - j/7?
3
Suppose 23*i = 21*i + 54. Suppose h - i = 69. Suppose -l - h = -5*l. What is the units digit of l?
4
Let k(t) = 310*t - 24. What is the units digit of k(2)?
6
Let j(l) = -6*l**2 + 3 - 4*l + 4 - 9 - l**3 - l**2. Let y be j(-5). What is the tens digit of 106/6 + y/48?
1
Suppose -2*f = 2*f + 112. Let l = 63 + f. Let o = l - 14. What is the tens digit of o?
2
Suppose 0 = -6*a + 10*a + 8, 187 = 5*n - a. What is the units digit of n?
7
Let g(z) = -z**3 + 6*z**2 - 3*z + 4. Suppose 5*k + 4*f + 13 = 1, 0 = 5*k - f - 3. Suppose 0 = -5*j - k*j + 25. What is the tens digit of g(j)?
1
Suppose 0 = 162*w - 24*w - 337548. What is the thousands digit of w?
2
Suppose -l + 1083 = 18. Suppose 0 = 3*m - 8*m + l. What is the tens digit of m?
1
Let y(g) = g**3 - 2*g. Let l be y(0). Suppose -r - 82 = -2*r. Suppose -2*h = -2*q - l*q + r, 21 = q - 5*h. What is the tens digit of q?
4
Suppose -2*a = -9*a - 63. Let p(u) = u + 26. What is the tens digit of p(a)?
1
Let d = -2358 - -4585. What is the units digit of d?
7
Suppose -36792 = -18*s + 576. What is the tens digit of s?
7
Suppose 28 = 3*v + 40, 5*x = -v + 25261. What is the thousands digit of x?
5
Let i be (-6)/(-4)*(-180)/27. What is the tens digit of 1800/22 - i/55?
8
Suppose m + 200 = 3*m. Suppose -3*h - 10 = -m. What is the units digit of h?
0
Suppose -5*l + 12960 = -3855. What is the units digit of l?
3
Suppose -4*l = -6*l. Suppose l = 5*c - 3*p - 512, c + 2*p = -0*c + 92. Suppose -3*b + 160 = -0*b - n, 2*b - 4*n - c = 0. What is the tens digit of b?
5
Let j = 301 - 12. What is the tens digit of j?
8
Let x(f) = f**2 + f. Suppose -4*n + 7 = 3. Let i(g) = 5*g**2 + 8*g - 5. Let t(o) = n*i(o) - 4*x(o). What is the tens digit of t(3)?
1
What is the units digit of -5*(52/(-13))/((-20)/(-26))?
6
Suppose 5*o + 18*o - 1909 = 0. What is the units digit of o?
3
Let h(u) be the second derivative of 0 - 1/12*u**4 + 3*u**2 + 4/3*u**3 + 4*u. What is the units digit of h(6)?
8
Let j(m) = -5*m - 5. Let d = 4 + -22. Let a = 16 + d. What is the units digit of j(a)?
5
Let d = 23 - 20. Suppose 80 = 3*k - 4*g, d*k + 2*g + 31 = 81. What is the tens digit of k?
2
Let m(t) = t**3 + 17*t**2 - 5*t + 37. Suppose -11*i - 34 = -9*i. What is the hundreds digit of m(i)?
1
Let i(s) = -s**3 - 6*s**2 - 7*s - 5. Let h be i(-5). Suppose -h*y = 4*z - 194, -4*y + 188 = -5*z - 0. What is the units digit of y?
2
Let k(j) = 212*j - 4. Let x be k(1). Suppose -4*b = -560 - x. What is the hundreds digit of b?
1
What is the hundreds digit of (-36257)/(-39) - 6/9?
9
Suppose -f + 2*u + 1300 = 0, -3*f - 4*u = -8*f + 6518. What is the hundreds digit of f?
3
Suppose -15*a = -0*a - 5490. What is the hundreds digit of a?
3
What is the tens digit of (-215)/45*3*-51?
3
What is the hundreds digit of 27/72 + (-14068)/(-32)?
4
Let b(i) = -9*i**3 + i**2 + 2*i - 7. Let q be b(2). Let s = 214 + q. What is the hundreds digit of s?
1
Let o be 3/(-1)*1 + -1. Let c be 96/(-120)*(-6 + 2 + -1). What is the units digit of 30 + c + 4/o?
3
Let j = -518 + 358. Let h = j + 349. What is the hundreds digit of h?
1
Suppose 6*j - 10*j = 3*i - 4833, 3*j = 4*i + 3606. Suppose -81*g + j = -75*g. What is the units digit of g?
1
Suppose -6*i + 355 = -659. What is the units digit of i?
9
Suppose 4*c + 2*u = -56, -4*u + 6 + 8 = -c. Let a = c - -26. What is the tens digit of a?
1
Let l(v) = v**2 + 9*v - 7. Let f be l(-10). Suppose 5 = o + f. Suppose 0*i + 5*i = -o*q + 33, -2*q + 4*i = -6. What is the units digit of q?
9
Suppose -516 = -4*j - 4*o, -3*o = -5*j - 0*o + 645. Suppose 5*x - j = -2*p, -3*p - 37 = -5*x + 82. Suppose -3*q - 2*q + x = 0. What is the units digit of q?
5
Let x = -1572 + 2509. What is the tens digit of x?
3
What is the units digit of 1825/(-20)*(-2 + 0 + -2)?
5
Let j be 45/6*(-2)/(-1). Let i be 5/(j/(-4))*-6. Let u(c) = c**3 - 7*c**2 - 2*c - 11. What is the units digit of u(i)?
7
Suppose -v - 6128 = -3*v + 4*b, 0 = -v - 5*b + 3036. What is the thousands digit of v?
3
Let z be 0 - (-15 - (-2 - -2)). Suppose -35 + z = -4*p. Suppose 0*n - p*a - 9 = -2*n, 0 = -4*a + 12. What is the units digit of n?
2
Let l(o) = -2*o - 6. Let n be l(4). Let v = 5 - n. What is the units digit of v?
9
Let c(n) = 3*n**2 - 10*n - 10. Let t be c(5). What is the units digit of (596/6)/(10/t)?
9
What is the thousands digit of (1 - -6)*33*28/6?
1
Let n(i) be the second derivative of i**5/20 + i**4/12 + i**3/3 + 11*i. What is the tens digit of n(3)?
4
Let r(x) = -2*x**2 - x + 163. What is the hundreds digit of r(0)?
1
Let o(c) = 260*c**2 - 6*c - 1. What is the tens digit of o(1)?
5
Let i be -1 + 5 + (-20)/(-4). Let h = 13 - i. What is the tens digit of 96*h*(-4)/(-48)?
3
Let j(u) = -u**2 + 37*u - 85. What is the units digit of j(26)?
1
Suppose 56792 = 5*x + 57*x. What is the hundreds digit of x?
9
Suppose 3*v = 3*o - 21, 65 = -5*v - 2*o + o. Let r(m) = 2*m**2 + 17*m + 13. Let d be r(v). Suppose 0 = 4*x - 35 - d. What is the tens digit of x?
3
Let c(u) = -u**2 - 19*u + 5. What is the units digit of c(-11)?
3
Let v be -6*(8/(-6))/2. Suppose 0 = -7*i + v*i - 6. What is the units digit of 42/(5/((-5)/i))?
1
Let t = 362 - 30. What is the hundreds digit of t?
3
Let d = 3 + -12. Let g(a) = a**2 + 5*a - 8. What is the tens digit of g(d)?
2
Let c be (-3)/15 - (-2132)/10. Let a = c + -116. What is the units digit of a?
7
Suppose 0*k = 5*k - 400. What is the tens digit of k?
8
Let p = 43 - 42. What is the units digit of 137/(0 + p) - (-7 - -9)?
5
Let h = 5 - 3. Suppose -48 = -h*n + 4*g + 112, 4*n - 298 = -3*g. What is the tens digit of n?
7
Let n = -2 + 5. Suppose 2*x - n*h + 59 = 0, x = 5*h - 30 - 10. Let o = 53 + x. What is the tens digit of o?
2
Suppose -3*b - 6 = -3*t, t + 14 = -b - t. Let p be (-22)/(-4) - b/(-12). What is the units digit of 5/(p/(-2)) + 61?
9
Suppose g = 0, 3*p = -2*g + 6 + 6. Let m be 3528/44 + (-4)/22. Suppose -w + 4*c = -p*w + 60, 4*w = -c + m. What is the tens digit of w?
2
Let m be 2*-4*3/(-12). Suppose -3*f = -f + m. Let j = f - -27. What is the tens digit of j?
2
Let w(m) = 65*m. Let b be w(4). What is the tens digit of 9/(-6)*b/(-15)?
2
Let v(z) = 18*z**3 - 2*z**2 + 8*z - 20. What is the hundreds digit of v(4)?
1
Suppose 58*c + 8022 = 65*c. What is the hundreds digit of c?
1
Suppose -19*u + 61 = -18*u. Let z = u + 13. What is the tens digit of z?
7
Let t be ((-25)/10 - -2)/(2/(-4)). What is the tens digit of (6*17)/2 + t?
5
Let q be 4/6 - (-685)/(-15). Let y = 61 + q